{"id":9883,"date":"2015-01-19T10:33:39","date_gmt":"2015-01-19T13:33:39","guid":{"rendered":"http:\/\/blog.nacaoverde.com.br\/?page_id=9883"},"modified":"2015-01-19T10:33:39","modified_gmt":"2015-01-19T13:33:39","slug":"nossa-historia","status":"publish","type":"page","link":"https:\/\/desenvolvimento.nacaoverde.com.br\/index.php\/nossa-historia\/","title":{"rendered":"Nossa Hist\u00f3ria"},"content":{"rendered":"<h2 style=\"text-align: center; line-height: 50px; font-size: 36px;\">Na\u00e7\u00e3o Verde, a primeira <a href=\"#\"><span style=\"color: #a0ce4e;\">Franquia de Sustentabilidade<\/span><\/a> do Brasil!<\/h2>\n<p style=\"text-align: justify;\"><img fetchpriority=\"high\" decoding=\"async\" class=\"alignright size-medium wp-image-9893\" src=\"http:\/\/blog.nacaoverde.com.br\/wp-content\/uploads\/2015\/01\/nossa-historia-nacao-verde-1.jpg\" alt=\"Nossa Hist\u00f3ria Na\u00e7\u00e3o Verde\" width=\"375\" height=\"235\" srcset=\"https:\/\/desenvolvimento.nacaoverde.com.br\/wp-content\/uploads\/2015\/01\/nossa-historia-nacao-verde-1.jpg 797w, https:\/\/desenvolvimento.nacaoverde.com.br\/wp-content\/uploads\/2015\/01\/nossa-historia-nacao-verde-1-300x188.jpg 300w, https:\/\/desenvolvimento.nacaoverde.com.br\/wp-content\/uploads\/2015\/01\/nossa-historia-nacao-verde-1-768x482.jpg 768w\" sizes=\"(max-width: 375px) 100vw, 375px\" \/>A hist\u00f3ria da <strong>Rede de Franquias Na\u00e7\u00e3o Verde<\/strong> partiu do desejo de um homem obstinado a construir um neg\u00f3cio altamente lucrativo, com a condi\u00e7\u00e3o que ele fosse verdadeiro e justo, do qual muitas pessoas se beneficiassem e se orgulhassem por fazerem parte.<\/p>\n<p style=\"text-align: justify;\">Durante 17 anos um grande empres\u00e1rio no ramo de ve\u00edculos duas rodas e distribui\u00e7\u00e3o de pe\u00e7as, decidiu mudar sua hist\u00f3ria. Dois inesperados acontecimentos fizeram com que ele passasse a enxergar o mundo dos neg\u00f3cios e a rela\u00e7\u00e3o entre o ser humano, o meio ambiente e as empresas com outros olhos.<\/p>\n<p style=\"text-align: justify;\">Ap\u00f3s sua m\u00e3e ter sido diagnosticada com c\u00e2ncer e quatro meses depois sofrer um assalto em umas das suas lojas (aonde quase veio a falecer) come\u00e7ou a perceber que os neg\u00f3cios verdadeiramente vencedores s\u00e3o aqueles que al\u00e9m de tornarem o empres\u00e1rio muito bem sucedido, s\u00e3o capazes de gerar oportunidade \u00e0s pessoas de classes mais baixas, levar produtos de qualidade a todas as classes sociais e, atrav\u00e9s do exemplo, mostrar os danos que o consumo desmedido pode gerar na sa\u00fade do ser humano (a causa da doen\u00e7a de sua m\u00e3e) e ao meio ambiente.<\/p>\n<p style=\"text-align: justify;\">Este foi o inicio da <strong>Na\u00e7\u00e3o Verde<\/strong>, a primeira Franquia de Sustentabilidade do Brasil!<\/p>\n<p style=\"text-align: justify;\">Para que a Rede Na\u00e7\u00e3o Verde se tornasse o que \u00e9 hoje, algumas perguntas ainda precisavam ser respondidas:<\/p>\n<ul>\n<li>Como desenvolver e fabricar determinados produtos sendo que no Brasil n\u00e3o existia tecnologia dispon\u00edvel para estes tipos de produtos?<\/li>\n<li>Como fazer produtos naturais, org\u00e2nicos e ecos-sustent\u00e1veis atingirem todas as classes sociais?<\/li>\n<li>Como tornar a Franquia Na\u00e7\u00e3o Verde altamente lucrativa como \u00e9 hoje?<\/li>\n<\/ul>\n<p style=\"text-align: justify;\">Sabendo que n\u00e3o seria poss\u00edvel construir este grande neg\u00f3cio sozinho, Ricardo Cruz se uniu aos melhores profissionais do mercado: m\u00e9dicos, nutricionistas, engenheiros, veterin\u00e1rios e tamb\u00e9m aos maiores laborat\u00f3rios de pesquisa do pa\u00eds.<\/p>\n<p style=\"text-align: justify;\"><img decoding=\"async\" class=\"alignleft size-medium wp-image-9885\" src=\"http:\/\/blog.nacaoverde.com.br\/wp-content\/uploads\/2015\/01\/nossa-historia-nacao-verde.jpg\" alt=\"Nossa Hist\u00f3ria - Na\u00e7\u00e3o Verde\" width=\"375\" height=\"235\" srcset=\"https:\/\/desenvolvimento.nacaoverde.com.br\/wp-content\/uploads\/2015\/01\/nossa-historia-nacao-verde.jpg 797w, https:\/\/desenvolvimento.nacaoverde.com.br\/wp-content\/uploads\/2015\/01\/nossa-historia-nacao-verde-300x188.jpg 300w, https:\/\/desenvolvimento.nacaoverde.com.br\/wp-content\/uploads\/2015\/01\/nossa-historia-nacao-verde-768x482.jpg 768w\" sizes=\"(max-width: 375px) 100vw, 375px\" \/>E se cercou de uma equipe altamente qualificada e com viv\u00eancia internacional em pa\u00edses como China, Alemanha, Inglaterra e Fran\u00e7a nas \u00e1reas de Marketing, P&amp;D e Publicidade. Viajou a v\u00e1rios pa\u00edses para trazer novas tecnologias em desenvolvimento de produtos, tecnologia e gest\u00e3o e para dar o toque que faltava e entendendo a necessidade de ter profissionais com longos anos de experi\u00eancia no mercado trouxe para o grupo mais dois conselheiros renomados nas \u00e1reas financeiras e de Marketing com mais de 70 anos de idade, essa uni\u00e3o da for\u00e7a jovem da equipe com a sabedoria dos conselheiros foi sucesso total.<\/p>\n<p style=\"text-align: justify;\">O que contribuiu para que hoje a Na\u00e7\u00e3o Verde seja considerada a <strong>franquia com maior potencial de crescimento<\/strong> no mercado brasileiro e a mais alinhada as novas necessidades mundiais.<\/p>\n<p style=\"text-align: justify;\">E este caminho fez com que a Na\u00e7\u00e3o Verde pudesse ser refer\u00eancia no mercado quando se tratam de sustentabilidade, social, economia e ambiental.<\/p>\n","protected":false},"excerpt":{"rendered":"<p>Na\u00e7\u00e3o Verde, a primeira Franquia de Sustentabilidade do Brasil! A hist\u00f3ria da Rede de Franquias Na\u00e7\u00e3o Verde partiu do desejo de um homem obstinado a construir um neg\u00f3cio altamente lucrativo, com a condi\u00e7\u00e3o que ele fosse verdadeiro e justo, do qual muitas pessoas se beneficiassem e se orgulhassem por fazerem parte. Durante 17 anos um [&hellip;]<\/p>\n","protected":false},"author":3,"featured_media":0,"parent":0,"menu_order":0,"comment_status":"open","ping_status":"open","template":"","meta":{"ocean_post_layout":"","ocean_both_sidebars_style":"","ocean_both_sidebars_content_width":0,"ocean_both_sidebars_sidebars_width":0,"ocean_sidebar":"","ocean_second_sidebar":"","ocean_disable_margins":"enable","ocean_add_body_class":"","ocean_shortcode_before_top_bar":"","ocean_shortcode_after_top_bar":"","ocean_shortcode_before_header":"","ocean_shortcode_after_header":"","ocean_has_shortcode":"","ocean_shortcode_after_title":"","ocean_shortcode_before_footer_widgets":"","ocean_shortcode_after_footer_widgets":"","ocean_shortcode_before_footer_bottom":"","ocean_shortcode_after_footer_bottom":"","ocean_display_top_bar":"default","ocean_display_header":"default","ocean_header_style":"","ocean_center_header_left_menu":"","ocean_custom_header_template":"","ocean_custom_logo":0,"ocean_custom_retina_logo":0,"ocean_custom_logo_max_width":0,"ocean_custom_logo_tablet_max_width":0,"ocean_custom_logo_mobile_max_width":0,"ocean_custom_logo_max_height":0,"ocean_custom_logo_tablet_max_height":0,"ocean_custom_logo_mobile_max_height":0,"ocean_header_custom_menu":"","ocean_menu_typo_font_family":"","ocean_menu_typo_font_subset":"","ocean_menu_typo_font_size":0,"ocean_menu_typo_font_size_tablet":0,"ocean_menu_typo_font_size_mobile":0,"ocean_menu_typo_font_size_unit":"px","ocean_menu_typo_font_weight":"","ocean_menu_typo_font_weight_tablet":"","ocean_menu_typo_font_weight_mobile":"","ocean_menu_typo_transform":"","ocean_menu_typo_transform_tablet":"","ocean_menu_typo_transform_mobile":"","ocean_menu_typo_line_height":0,"ocean_menu_typo_line_height_tablet":0,"ocean_menu_typo_line_height_mobile":0,"ocean_menu_typo_line_height_unit":"","ocean_menu_typo_spacing":0,"ocean_menu_typo_spacing_tablet":0,"ocean_menu_typo_spacing_mobile":0,"ocean_menu_typo_spacing_unit":"","ocean_menu_link_color":"","ocean_menu_link_color_hover":"","ocean_menu_link_color_active":"","ocean_menu_link_background":"","ocean_menu_link_hover_background":"","ocean_menu_link_active_background":"","ocean_menu_social_links_bg":"","ocean_menu_social_hover_links_bg":"","ocean_menu_social_links_color":"","ocean_menu_social_hover_links_color":"","ocean_disable_title":"default","ocean_disable_heading":"default","ocean_post_title":"","ocean_post_subheading":"","ocean_post_title_style":"","ocean_post_title_background_color":"","ocean_post_title_background":0,"ocean_post_title_bg_image_position":"","ocean_post_title_bg_image_attachment":"","ocean_post_title_bg_image_repeat":"","ocean_post_title_bg_image_size":"","ocean_post_title_height":0,"ocean_post_title_bg_overlay":0.5,"ocean_post_title_bg_overlay_color":"","ocean_disable_breadcrumbs":"default","ocean_breadcrumbs_color":"","ocean_breadcrumbs_separator_color":"","ocean_breadcrumbs_links_color":"","ocean_breadcrumbs_links_hover_color":"","ocean_display_footer_widgets":"default","ocean_display_footer_bottom":"default","ocean_custom_footer_template":"","footnotes":""},"class_list":["post-9883","page","type-page","status-publish","hentry","entry"],"_links":{"self":[{"href":"https:\/\/desenvolvimento.nacaoverde.com.br\/index.php\/wp-json\/wp\/v2\/pages\/9883","targetHints":{"allow":["GET"]}}],"collection":[{"href":"https:\/\/desenvolvimento.nacaoverde.com.br\/index.php\/wp-json\/wp\/v2\/pages"}],"about":[{"href":"https:\/\/desenvolvimento.nacaoverde.com.br\/index.php\/wp-json\/wp\/v2\/types\/page"}],"author":[{"embeddable":true,"href":"https:\/\/desenvolvimento.nacaoverde.com.br\/index.php\/wp-json\/wp\/v2\/users\/3"}],"replies":[{"embeddable":true,"href":"https:\/\/desenvolvimento.nacaoverde.com.br\/index.php\/wp-json\/wp\/v2\/comments?post=9883"}],"version-history":[{"count":0,"href":"https:\/\/desenvolvimento.nacaoverde.com.br\/index.php\/wp-json\/wp\/v2\/pages\/9883\/revisions"}],"wp:attachment":[{"href":"https:\/\/desenvolvimento.nacaoverde.com.br\/index.php\/wp-json\/wp\/v2\/media?parent=9883"}],"curies":[{"name":"wp","href":"https:\/\/api.w.org\/{rel}","templated":true}]}}